te the remainder when 840678 is divided by 930.
888
Calculate the remainder when 21569248 is divided by 41.
9
Calculate the remainder when 38109879 is divided by 1308.
1299
What is the remainder when 168859737 is divided by 42?
39
What is the remainder when 12811963 is divided by 78601?
0
What is the remainder when 4526844 is divided by 13?
10
Calculate the remainder when 57182 is divided by 8099.
489
What is the remainder when 4249924 is divided by 10391?
5
What is the remainder when 917447 is divided by 1779?
1262
Calculate the remainder when 333321596 is divided by 30.
26
What is the remainder when 97345 is divided by 24045?
1165
Calculate the remainder when 100207569 is divided by 100207557.
12
What is the remainder when 415389118 is divided by 5010?
5008
What is the remainder when 5300480 is divided by 1060093?
15
What is the remainder when 223764 is divided by 1451?
310
What is the remainder when 1204187856 is divided by 278?
276
Calculate the remainder when 177744 is divided by 171.
75
Calculate the remainder when 5634873 is divided by 86689.
88
Calculate the remainder when 69537731 is divided by 140197.
19
Calculate the remainder when 2231175 is divided by 1115.
60
Calculate the remainder when 44498602 is divided by 6356941.
15
What is the remainder when 23437769 is divided by 4284?
5
What is the remainder when 3465500 is divided by 187?
16
What is the remainder when 315949351 is divided by 67?
64
Calculate the remainder when 30575887 is divided by 14.
13
Calculate the remainder when 67239554 is divided by 4419.
50
Calculate the remainder when 571409 is divided by 365.
184
What is the remainder when 851679 is divided by 386?
163
What is the remainder when 135902686 is divided by 9462?
9442
Calculate the remainder when 71323 is divided by 1762.
843
What is the remainder when 17287230 is divided by 58800?
30
Calculate the remainder when 3000496 is divided by 54.
40
Calculate the remainder when 10630206 is divided by 23.
20
Calculate the remainder when 5559443 is divided by 163513.
1
Calculate the remainder when 4368140 is divided by 1628.
216
What is the remainder when 202710234 is divided by 7679?
7671
What is the remainder when 1918859 is divided by 1880?
1259
Calculate the remainder when 4488651 is divided by 20685.
6
Calculate the remainder when 5150708 is divided by 344.
340
Calculate the remainder when 3182418 is divided by 3182273.
145
What is the remainder when 5778676 is divided by 23?
18
What is the remainder when 3390953 is divided by 1057?
97
Calculate the remainder when 82591 is divided by 6804.
943
Calculate the remainder when 1265840 is divided by 28129.
35
What is the remainder when 56780811 is divided by 16?
11
What is the remainder when 60724 is divided by 5276?
2688
Calculate the remainder when 184451 is divided by 1408.
3
Calculate the remainder when 516849 is divided by 2509.
2504
What is the remainder when 25432159 is divided by 799?
788
What is the remainder when 4347292 is divided by 724542?
40
What is the remainder when 17921 is divided by 5935?
116
What is the remainder when 646062 is divided by 49694?
40
What is the remainder when 36007 is divided by 11085?
2752
Calculate the remainder when 999123 is divided by 2715.
3
What is the remainder when 97034 is divided by 30163?
6545
What is the remainder when 2546990 is divided by 222?
206
Calculate the remainder when 9833352 is divided by 106884.
24
What is the remainder when 24583992 is divided by 40?
32
What is the remainder when 1154807 is divided by 577332?
143
Calculate the remainder when 2022123 is divided by 996.
243
What is the remainder when 117146668 is divided by 5?
3
Calculate the remainder when 1043363 is divided by 4701.
4442
Calculate the remainder when 7778907 is divided by 68236.
3
What is the remainder when 19849184 is divided by 60?
44
Calculate the remainder when 16872367 is divided by 213.
211
Calculate the remainder when 3464017 is divided by 341.
139
Calculate the remainder when 1764665 is divided by 566.
443
Calculate the remainder when 72822745 is divided by 165.
160
What is the remainder when 125940 is divided by 41929?
153
Calculate the remainder when 349435 is divided by 49899.
142
What is the remainder when 10552773 is divided by 3112?
3093
Calculate the remainder when 1719118 is divided by 286393.
760
What is the remainder when 1718616 is divided by 606?
0
Calculate the remainder when 109803 is divided by 8434.
161
Calculate the remainder when 157945 is divided by 1316.
25
What is the remainder when 210 is divided by 75?
60
Calculate the remainder when 124280 is divided by 31051.
76
What is the remainder when 85623 is divided by 428?
23
What is the remainder when 134445 is divided by 134110?
335
What is the remainder when 118589457 is divided by 677654?
7
Calculate the remainder when 599425 is divided by 211.
185
Calculate the remainder when 29631054 is divided by 8.
6
Calculate the remainder when 253341 is divided by 170.
41
Calculate the remainder when 9991918 is divided by 1360.
1358
Calculate the remainder when 840896 is divided by 840232.
664
Calculate the remainder when 3385418 is divided by 149.
138
What is the remainder when 35208 is divided by 35120?
88
What is the remainder when 196675 is divided by 4468?
83
What is the remainder when 4315585 is divided by 1438493?
106
Calculate the remainder when 571195 is divided by 14.
9
Calculate the remainder when 28749576 is divided by 3194396.
12
Calculate the remainder when 60615 is divided by 28959.
2697
Calculate the remainder when 461242377 is divided by 51.
9
What is the remainder when 6659847 is divided by 751?
730
What is the remainder when 110028164 is divided by 24?
20
Calculate the remainder when 47103 is divided by 3984.
3279
What is the remainder when 117708 is divided by 38205?
3093
Calculate the remainder when 4010662 is divided by 802103.
147
What is the remainder when 393638 is divided by 3172?
310
Calculate the remainder when 1005112 is divided by 1005.
112
What is the remainder when 3629437 is divided by 14?
7
Calculate the remainder when 8523 is divided by 4154.
215
Calculate the remainder when 1464220 is divided by 112629.
43
What is the remainder when 2469119 is divided by 320?
319
Calculate the remainder when 391654 is divided by 126.
46
Calculate the remainder when 120788 is divided by 19389.
4454
Calculate the remainder when 33609 is divided by 10610.
1779
Calculate the remainder when 19237293 is divided by 238.
229
What is the remainder when 5235653 is divided by 3591?
3566
Calculate the remainder when 2194511 is divided by 9105.
206
Calculate the remainder when 122702830 is divided by 810.
790
Calculate the remainder when 4949125 is divided by 836.
5
Calculate the remainder when 143730 is divided by 2177.
48
Calculate the remainder when 487732 is divided by 3210.
3022
Calculate the remainder when 1739111 is divided by 407.
0
Calculate the remainder when 2496234 is divided by 6710.
114
Calculate the remainder when 1296547 is divided by 81034.
3
Calculate the remainder when 2859045 is divided by 92227.
8
What is the remainder when 281934 is divided by 202?
144
Calculate the remainder when 896077 is divided by 224017.
9
What is the remainder when 6110331 is divided by 79?
76
Calculate the remainder when 70373 is divided by 8735.
493
Calculate the remainder when 42634 is divided by 82.
76
Calculate the remainder when 2916904 is divided by 1839.
250
Calculate the remainder when 7165470 is divided by 7165443.
27
What is the remainder when 10056287 is divided by 356?
355
Calculate the remainder when 8187889 is divided by 26.
21
What is the remainder when 645435 is divided by 107570?
15
What is the remainder when 66292 is divided by 65425?
867
What is the remainder when 298630 is divided by 91?
59
What is the remainder when 6647 is divided by 608?
567
Calculate the remainder when 15527461 is divided by 220.
81
Calculate the remainder when 416273658 is divided by 53.
51
What is the remainder when 1692408 is divided by 1544?
184
Calculate the remainder when 4351396 is divided by 29.
4
Calculate the remainder when 1664394 is divided by 7.
4
What is the remainder when 46456 is divided by 3048?
736
What is the remainder when 17471108 is divided by 17612?
4
What is the 